a composite number?
True
Is 2457658727 composite?
True
Is 683342003 composite?
False
Is 936877471 a prime number?
True
Is 2448207029 prime?
True
Is 3934570543 composite?
True
Is 2613154513 composite?
False
Is 6364040957 composite?
False
Is 544140281 a prime number?
False
Is 4798849963 a prime number?
True
Is 59232653 prime?
True
Is 25221531329 a prime number?
False
Is 41296013 a composite number?
True
Is 12844153009 prime?
False
Is 931513679 a prime number?
True
Is 73166749 prime?
False
Is 985303393 a prime number?
False
Is 399424727 composite?
True
Is 10710617 a prime number?
False
Is 3916209949 a composite number?
True
Is 439397473 a composite number?
True
Is 33279762409 a prime number?
False
Is 258083887 composite?
False
Is 1255948349 composite?
False
Is 2263425181 a composite number?
False
Is 3356603615 a prime number?
False
Is 203336995 a prime number?
False
Is 13976349703 a composite number?
True
Is 167464721897 prime?
False
Is 19180121441 composite?
True
Is 55130893 a prime number?
True
Is 18909964687 composite?
False
Is 10610981323 a composite number?
True
Is 14290420147 prime?
False
Is 8661467489 prime?
False
Is 197146381 a composite number?
True
Is 12473289449 a prime number?
True
Is 958969307 composite?
False
Is 319668707 a prime number?
True
Is 1334468339 prime?
True
Is 2893860239 a prime number?
True
Is 152889989 composite?
True
Is 1230915737 a composite number?
True
Is 1777743349 composite?
False
Is 1568031497 composite?
False
Is 281261963 prime?
False
Is 391959140083 a composite number?
True
Is 62731961 composite?
True
Is 9037226453 a composite number?
False
Is 15855908207 a prime number?
False
Is 101114278 a prime number?
False
Is 12193249 a prime number?
False
Is 89887057723 a prime number?
True
Is 10922038751 a prime number?
False
Is 83021231041 a composite number?
True
Is 41706453847 composite?
False
Is 1416648059 prime?
False
Is 5366382907 a prime number?
True
Is 4910063611 prime?
True
Is 889900547 prime?
False
Is 25071032101 composite?
True
Is 6243403841 composite?
True
Is 1202248577 a composite number?
False
Is 559070657 a composite number?
False
Is 53834037689 prime?
True
Is 1165952747 composite?
False
Is 47462176819 prime?
True
Is 8140145497 prime?
False
Is 23310718729 a composite number?
False
Is 893874446 composite?
True
Is 320628563 prime?
True
Is 3766888483 a composite number?
True
Is 9711708353 prime?
False
Is 14876178157 prime?
True
Is 1993057051 a prime number?
True
Is 80428279 prime?
True
Is 7040116843 a composite number?
False
Is 5312299933 a prime number?
True
Is 38941430233 prime?
True
Is 599154053 composite?
False
Is 19906751 prime?
True
Is 343664749 prime?
False
Is 14306909989 a prime number?
False
Is 10230967807 a prime number?
False
Is 507331259 a prime number?
False
Is 17433225457 prime?
True
Is 3960555247 composite?
True
Is 247818599489 prime?
False
Is 52503212243 a composite number?
False
Is 400411051 composite?
True
Is 6311998687 composite?
False
Is 680138993 a prime number?
True
Is 671539285 a composite number?
True
Is 760883869 a prime number?
True
Is 9328153409 composite?
False
Is 110199105817 prime?
False
Is 11564035513 prime?
True
Is 961658619 prime?
False
Is 463569817 a prime number?
True
Is 2932122229 prime?
False
Is 34997595397 a composite number?
True
Is 78014427409 prime?
True
Is 6921855917 a prime number?
False
Is 41981849513 a prime number?
False
Is 4311181373 a prime number?
True
Is 278289294163 composite?
False
Is 367073897 a composite number?
False
Is 22452480433 prime?
True
Is 307123950505 a composite number?
True
Is 6934649999 a composite number?
False
Is 11404926201 a prime number?
False
Is 985135337 a prime number?
False
Is 22400419 a composite number?
False
Is 58938815161 composite?
False
Is 23337209501 a composite number?
True
Is 41737054459 prime?
True
Is 43397714179 composite?
False
Is 37175063 a composite number?
False
Is 595538873 composite?
False
Is 47744637299 composite?
False
Is 848334997 a composite number?
False
Is 508782319 a prime number?
False
Is 1970144623 a prime number?
False
Is 23785384247 prime?
True
Is 500036213 prime?
True
Is 31968659683 prime?
False
Is 1982219831 prime?
True
Is 35790563099 prime?
True
Is 5785963613 a composite number?
True
Is 21705440847 a composite number?
True
Is 4490694473 a prime number?
False
Is 56882177321 prime?
True
Is 3769775809 composite?
True
Is 2602978619 prime?
False
Is 29665782457 prime?
True
Is 20349579739 a prime number?
False
Is 47824802881 a composite number?
False
Is 163067507 composite?
False
Is 82997524229 prime?
False
Is 257823277 prime?
True
Is 55639800829 a prime number?
True
Is 22317607307 composite?
False
Is 44653742431 a composite number?
False
Is 5712158659 composite?
False
Is 564834079 a composite number?
True
Is 398403169 a prime number?
True
Is 2281007263 a composite number?
False
Is 1222437737 a prime number?
True
Is 153709390567 a composite number?
False
Is 212568659 prime?
False
Is 898793629 a composite number?
True
Is 25879631 a prime number?
True
Is 5434382027 composite?
True
Is 16325605955 prime?
False
Is 10506941927 prime?
False
Is 333536419 composite?
False
Is 95532530297 composite?
False
Is 7276555529 prime?
True
Is 5127405259 a prime number?
False
Is 5210556823 composite?
True
Is 1484587627 composite?
True
Is 82856071 a composite number?
False
Is 40277049481 prime?
True
Is 5405037409 composite?
True
Is 2575562807 a composite number?
True
Is 416032003 a composite number?
False
Is 246082296293 a prime number?
True
Is 337024307 a prime number?
True
Is 12282151241 a prime number?
True
Is 1566049517 composite?
True
Is 1754577107 a prime number?
False
Is 174679350739 a composite number?
False
Is 2643508027 composite?
False
Is 29534762861 prime?
True
Is 347533137443 a composite number?
False
Is 6402577463 prime?
False
Is 182520236621 prime?
True
Is 38236783287 composite?
True
Is 58560535441 prime?
True
Is 8810204479 a prime number?
False
Is 5513387981 prime?
True
Is 18456854521 a composite number?
True
Is 2503881557 a composite number?
False
Is 875635793 a composite number?
False
Is 13282842959 a composite number?
False
Is 10229029801 a composite number?
True
Is 2346474859 a prime number?
False
Is 194223229 prime?
True
Is 16252534823 a prime number?
False
Is 2317154183 a composite number?
False
Is 609322067 a prime number?
False
Is 3918249259 prime?
True
Is 39728037893 prime?
True
Is 190992547 composite?
True
Is 18227731835 prime?
False
Is 1810189697 prime?
True
Is 53859188609 a prime number?
True
Is 1606511623 a composite number?
False
Is 928486018723 composite?
False
Is 20436198889 prime?
False
Is 5117012567 composite?
False
Is 19872131233 a prime number?
True
Is 1397907551 a composite number?
True
Is 589085923 composite?
False
Is 5155081597 composite?
False
Is 1619459453 prime?
False
Is 124172493989 prime?
True
Is 2412253061 a composite number?
False
Is 1685482633 composite?
False
Is 1763515205 prime?
False
Is 49287521 prime?
True
Is 1917631657 a prime number?
True
Is 35496683 a composite number?
False
Is 933631927 a prime number?
True
Is 10602023 prime?
False
Is 51948353983 composite?
False
Is 883075121 composite?
False
Is 180510481 a composite number?
True
Is 7801687 a prime number?
False
Is 19470176563 a composite number?
True
Is 2874145721 prime?
True
Is 995271311 composite?
False
Is 4397681383 a prime number?
False
Is 4494172469 a composite number?
True
Is 1120859651 composite?
True
Is 6504581729 composite?
False
Is 57526465037 a composite number?
False
Is 10952301881 a prime number?
True
Is 50769106487 composite?
True
Is 32021326127 a composite number?
True
Is 13901798594 composite?
True
Is 1144535719 a prime number?
True
Is 1268535193 prime?
True
Is 207752462047 composite?
True
Is 743931679 composite?
True
Is 250214199 prime?
False
Is 33601225683 prime?
False
Is 69422185181 a prime number?
False
Is 16863373427 prime?
False
Is 12158883791 a composite number?
False
Is 39881163059 composite?
False
Is 1483633769 a composite number?
True
Is 241719721 a composite number?
False
Is 1007675821 prime?
False
Is 13129564313 a composite number?
True
Is 644878877 a composite number?
True
Is 11217480809 a prime number?
False
Is 119479549417 prime?
True
Is 2221385059 a prime number?
True
Is 11766412157 composite